5402.
302
What is the highest common divisor of 6634 and 212567?
31
Calculate the highest common divisor of 24040 and 659880.
40
What is the highest common factor of 147758705 and 4449?
1483
What is the highest common divisor of 62 and 62277791?
31
What is the highest common factor of 378 and 1777545?
189
What is the greatest common divisor of 640454 and 14?
2
Calculate the highest common divisor of 8012729 and 8874.
493
What is the greatest common divisor of 8854746 and 4116904?
8506
Calculate the highest common factor of 140 and 3991274.
14
Calculate the highest common divisor of 5761228 and 5334.
254
What is the highest common factor of 2153436 and 26196?
12
What is the greatest common divisor of 1254 and 553773?
33
What is the highest common factor of 38893 and 594757?
437
What is the greatest common factor of 174406 and 21146?
194
What is the highest common divisor of 671956 and 3596?
124
Calculate the greatest common factor of 79815 and 499861.
313
What is the highest common factor of 146 and 8840957?
73
What is the highest common divisor of 162690822 and 161?
161
What is the highest common divisor of 532857 and 1182375?
3153
Calculate the highest common divisor of 127328 and 20726611.
3979
What is the greatest common divisor of 52344 and 12996?
36
What is the greatest common divisor of 17114 and 566242361?
8557
Calculate the greatest common factor of 207 and 45445401.
207
Calculate the greatest common divisor of 18706036 and 52.
4
What is the highest common factor of 59700 and 93928?
796
Calculate the greatest common divisor of 87886901 and 932.
233
Calculate the greatest common factor of 4715255 and 15515.
145
Calculate the greatest common divisor of 635334 and 2625.
21
Calculate the highest common factor of 472 and 49072955.
59
Calculate the greatest common factor of 173 and 31801898.
173
What is the highest common factor of 1819 and 123621059?
1819
Calculate the highest common factor of 183291 and 1981533.
321
Calculate the greatest common divisor of 2468 and 310452.
4
What is the highest common divisor of 1168 and 599111?
73
Calculate the highest common divisor of 44112 and 250896.
48
Calculate the highest common divisor of 13357 and 662411.
37
Calculate the greatest common divisor of 4997 and 266950.
19
What is the greatest common divisor of 2276667 and 1133649?
9369
Calculate the highest common divisor of 3081 and 178061.
13
Calculate the greatest common divisor of 86374 and 494.
38
What is the highest common factor of 1068177 and 22?
11
What is the greatest common divisor of 9742 and 1094?
2
What is the highest common divisor of 3423815 and 1141?
163
Calculate the greatest common factor of 77142 and 2139.
69
Calculate the greatest common divisor of 91 and 286750295.
13
What is the highest common factor of 810 and 26463330?
90
Calculate the greatest common divisor of 238 and 263317454.
34
What is the highest common factor of 295205 and 102005?
115
Calculate the highest common divisor of 1008054 and 450.
18
What is the greatest common divisor of 85696 and 1961635?
1339
What is the highest common factor of 5454738 and 30?
6
What is the greatest common factor of 121 and 724172779?
121
Calculate the highest common factor of 4453563 and 926901.
1707
What is the highest common factor of 2768 and 1373384?
8
Calculate the greatest common divisor of 153550608 and 83556.
2532
What is the greatest common factor of 487329 and 98531?
2663
What is the highest common factor of 73 and 6783233?
73
What is the greatest common divisor of 4361564 and 60572?
76
Calculate the highest common factor of 15511596 and 24.
12
Calculate the highest common factor of 13629 and 71508.
177
What is the highest common divisor of 270900 and 949284?
252
Calculate the greatest common factor of 630261 and 50953.
251
Calculate the highest common factor of 45631582 and 74.
74
Calculate the highest common divisor of 8016743 and 987.
329
What is the greatest common factor of 10857 and 981893?
11
What is the highest common divisor of 15960308 and 1141?
1141
Calculate the greatest common factor of 4135803 and 357.
21
Calculate the highest common factor of 15210 and 58955.
65
What is the greatest common factor of 118218692 and 284?
284
Calculate the highest common divisor of 248252720 and 80.
80
What is the highest common divisor of 126310 and 778?
2
What is the greatest common divisor of 728 and 6699316?
52
Calculate the greatest common factor of 27354005 and 41285.
1795
Calculate the highest common divisor of 68126 and 10258.
46
What is the greatest common factor of 274955 and 696595?
635
What is the greatest common divisor of 67620756 and 518?
518
Calculate the greatest common divisor of 382030 and 1602502.
506
What is the highest common factor of 265260 and 800?
20
What is the highest common divisor of 31796719 and 117583?
3793
Calculate the highest common divisor of 102 and 1187841.
51
Calculate the highest common factor of 177408 and 1477476.
2772
What is the highest common factor of 7805118 and 232?
58
What is the highest common factor of 15 and 42091715?
5
What is the greatest common divisor of 208718 and 642006?
2642
What is the greatest common factor of 3855416 and 4696?
4696
What is the greatest common divisor of 893228056 and 14?
14
What is the greatest common factor of 219030 and 22925?
35
What is the highest common divisor of 462 and 6326089?
77
What is the highest common factor of 798 and 140?
14
Calculate the highest common divisor of 247 and 63640889.
13
Calculate the greatest common factor of 1886 and 193176174.
82
What is the highest common factor of 135 and 13903353?
27
Calculate the highest common factor of 609070 and 4067.
49
Calculate the greatest common divisor of 23618499 and 29.
29
Calculate the greatest common factor of 19395 and 89205.
15
What is the highest common divisor of 4 and 316411486?
2
Calculate the highest common divisor of 23046160 and 688.
16
Calculate the highest common factor of 3068564805 and 45.
45
Calculate the greatest common divisor of 28739313 and 118.
59
What is the highest common divisor of 5740 and 2569880?
820
What is the highest common factor of 78 and 1658843446?
26
What is the highest common divisor of 30 and 11854605?
15
Calculate the highest common factor of 37942 and 15555.
61
What is the greatest common factor of 19004442 and 6?
6
Calculate the greatest common divisor of 552451445 and 1820.
455
Calculate the highest common factor of 99695 and 556565.
785
Calculate the highest common divisor of 13910 and 56030.
130
What is the highest common divisor of 335160 and 9973404?
4788
What is the greatest common factor of 21425780 and 23664?
1972
What is the highest common factor of 4165027 and 433?
433
What is the greatest common factor of 20 and 64917712?
4
What is the greatest common factor of 24 and 6548868?
12
Calculate the greatest common divisor of 29 and 24433109.
29
Calculate the greatest common divisor of 4508 and 1903158.
46
What is the highest common factor of 28666 and 270332107?
1303
Calculate the greatest common divisor of 92067886 and 5202.
578
Calculate the greatest common factor of 29048999 and 34762.
1337
Calculate the highest common factor of 3728 and 2044575.
233
What is the greatest common factor of 41109 and 17480589?
579
What is the greatest common factor of 603 and 3254123?
67
Calculate the highest common factor of 4214032 and 6432.
1072
What is the highest common factor of 390102 and 17957860?
1646
Calculate the highest common factor of 160388089 and 4024.
503
What is the highest common divisor of 98381420 and 100?
20
What is the greatest common divisor of 34425462 and 66?
6
Calculate the greatest common divisor of 2970 and 15288658.
22
Calculate the greatest common factor of 834 and 3407307.
417
What is the highest common divisor of 6176 and 475930280?
1544
Calculate the highest common factor of 554405346 and 198.
198
Calculate the greatest common divisor of 32054 and 4541438.
682
What is the highest common factor of 14699853 and 48216?
6027
Calculate the greatest common factor of 30 and 6608598.
6
Calculate the greatest common divisor of 32213231 and 1481.
1481
Calculate the greatest common factor of 5428060 and 51589.
2243
What is the greatest common divisor of 9063 and 529788?
159
What is the